NOAA Style Reports for Fairmount Hills

Select a Year or Month report

Report for 2018 Jan
                   Monthly Climatological Summary for Jan 2018

Name: Fairmount Hills  (KNYSYRAC2)   City: Fairmount   State: New York
Elevation: 642 ft  Lat: N 43 02 08   Lon: W 076 14 49

                  Temperature (F), Rain (in), Wind Speed (mph)

                                      Heat  Cool        Avg
    Mean                              Deg   Deg         Wind                 Dom
Day Temp  High   Time   Low    Time   Days  Days  Rain  Speed High   Time    Dir
----------------------------------------------------------------------------------
01   4.9  13.7   14:38  -8.8   07:39  60.1   0.0  0.00   3.3  27.7   18:20     W
02  13.8  22.0   13:12   6.2   02:19  51.2   0.0  0.00   5.1  33.3   17:23     W
03  16.3  24.0   14:14   6.3   07:22  48.7   0.0  0.00   2.7  16.2   10:58     S
04  17.0  31.0   04:54   8.1   23:59  48.0   0.0  0.00   2.8  19.9   15:50   NNW
05   2.5   8.1   00:00  -1.0   07:32  62.5   0.0  0.00   7.2  33.3   14:52   WNW
06   1.4   3.6   12:16  -0.1   07:49  63.6   0.0  0.00   5.7  29.4   12:56    NW
07   7.8  24.2   23:50  -5.7   06:42  57.2   0.0  0.00   2.3  23.8   21:43   SSW
08  32.0  36.9   15:38  24.2   00:00  33.0   0.0  0.12   4.7  25.7   09:33    SW
09  31.5  36.0   00:00  28.5   23:39  33.5   0.0  0.01   4.1  27.7   02:52    NW
10  34.2  41.8   15:32  22.9   07:59  30.8   0.0  0.11   1.9  27.7   22:31   SSE
11  49.4  54.4   13:15  41.6   00:00  15.6   0.0  0.08   6.4  27.7   02:19     S
12  46.7  59.3   12:57  18.0   23:57  18.3   0.0  0.67   3.6  28.5   03:27   SSW
13  10.4  18.0   00:00   3.5   23:56  54.6   0.0  0.00   0.0  10.3   09:40     N
14   0.8  10.1   14:50  -8.2   07:23  64.2   0.0  0.00   0.0   8.7   14:20   NNE
15   7.1  17.0   14:49  -5.5   07:08  57.9   0.0  0.00   0.0   0.0   00:00     N
16  22.3  28.8   01:01  16.8   00:00  42.7   0.0  0.00   0.6  12.3   12:00   WSW
17  17.1  22.7   03:05  12.8   23:52  47.9   0.0  0.00   3.2  16.2   20:40     W
18  16.4  22.2   13:48   8.5   03:30  48.2   0.0  0.00   3.6  22.9   09:19   WSW
19  28.0  38.0   22:27  18.6   00:00  37.0   0.0  0.00   4.7  22.9   10:16    SW
20  38.5  43.2   14:38  33.0   21:37  26.5   0.0  0.25   5.0  30.5   11:42   WSW
----------------------------------------------------------------------------------
    19.9  59.3    12    -8.8     1   901.5   0.0  1.24   3.3  33.3     2     WSW

Max >=  90.0  0
Max <=  32.0 13
Min <=  32.0 18
Min <=   0.0  6
Max Rain: 0.67 on day 12
Days of Rain: 6 (>= 0.01 in)  4 (>= 0.10 in)  0 (>= 1.00 in)
Heat Base: 65.0  Cool Base: 65.0  Method: Integration
:Now::Gauges::Today/Yesterday::Month/Year::Trends::About::forum:
:webcam::Local Radar::5 day Forecast::Home::Comments::Summaries: