NOAA Style Reports for Fairmount Hills

Select a Year or Month report

Report for 2018 Apr
                   Monthly Climatological Summary for Apr 2018

Name: Fairmount Hills  (KNYSYRAC2)   City: Fairmount   State: New York
Elevation: 642 ft  Lat: N 43 02 08   Lon: W 076 14 49

                  Temperature (F), Rain (in), Wind Speed (mph)

                                      Heat  Cool        Avg
    Mean                              Deg   Deg         Wind                 Dom
Day Temp  High   Time   Low    Time   Days  Days  Rain  Speed High   Time    Dir
----------------------------------------------------------------------------------
01  35.7  51.5   00:48  27.6   22:43  29.3   0.0  0.13   5.4  34.1   04:22    NW
02  35.9  46.8   15:44  27.0   07:04  29.1   0.0  0.00   1.6  16.2   13:39   WNW
03  36.8  42.2   23:45  31.0   00:14  28.2   0.0  0.09   0.7  16.2   08:52   ESE
04  42.1  54.4   08:36  27.8   23:23  22.7   0.0  0.12   9.0  59.0   17:28   WNW
05  27.3  35.0   15:43  23.3   03:24  37.7   0.0  0.00   5.3  31.3   00:35    NW
06  33.9  46.7   16:19  23.8   03:38  31.1   0.0  0.08   5.5  35.2   14:49    SW
07  29.7  34.2   15:55  26.0   22:27  34.6   0.0  0.00   5.6  28.5   04:54    NW
08  28.3  34.6   14:09  24.5   02:55  36.7   0.0  0.00   4.8  27.7   15:15    NW
09  31.0  40.0   13:59  20.9   06:53  34.0   0.0  0.00   2.1  13.4   17:13   NNW
10  33.8  41.4   14:06  29.0   06:13  31.2   0.0  0.01   2.3  19.0   14:17     W
11  37.9  49.5   15:38  29.7   06:32  27.1   0.0  0.04   4.3  21.0   13:52    SW
12  44.4  59.6   22:56  31.4   06:38  20.6   0.0  0.12   3.3  27.7   23:32     S
13  45.3  59.4   00:00  40.9   07:55  19.7   0.0  0.00   2.6  24.6   00:46     N
14  38.8  43.6   00:00  32.8   23:06  26.1   0.0  0.00   3.9  21.8   16:44    NE
15  33.7  38.9   20:09  29.7   05:37  31.3   0.0  0.05   2.6  16.2   00:18     E
16  40.0  44.7   10:16  34.1   22:07  25.0   0.0  0.63   4.0  21.8   07:41   ENE
17  34.0  39.6   15:43  29.7   21:10  31.0   0.0  0.05   5.4  24.6   10:24   WNW
18  36.2  40.4   12:33  31.4   00:00  28.8   0.0  0.06   5.2  24.6   04:58   WNW
19  33.3  36.4   12:07  30.8   22:21  31.7   0.0  0.12   4.4  27.7   13:30   NNW
20  35.1  45.2   17:30  30.6   05:52  29.8   0.0  0.01   4.9  22.9   12:36   NNW
21  43.1  54.4   15:39  32.4   06:18  21.9   0.0  0.00   4.3  24.6   14:20    NW
22  48.5  60.9   14:47  36.8   06:41  16.5   0.0  0.00   3.6  21.0   13:48    NW
23  53.2  74.4   16:39  32.1   06:27  13.4   1.7  0.00   1.8  14.3   15:24    SE
----------------------------------------------------------------------------------
    37.3  74.4    23    20.9     9   637.5   1.7  1.51   4.0  59.0     4      NW

Max >=  90.0  0
Max <=  32.0  0
Min <=  32.0 17
Min <=   0.0  0
Max Rain: 0.63 on day 16
Days of Rain: 13 (>= 0.01 in)  5 (>= 0.10 in)  0 (>= 1.00 in)
Heat Base: 65.0  Cool Base: 65.0  Method: Integration
:Now::Gauges::Today/Yesterday::Month/Year::Trends::About::forum:
:webcam::Local Radar::5 day Forecast::Home::Comments::Summaries: